
False
Is 1069599 a composite number?
True
Is 30867091 a prime number?
True
Is 1295023 composite?
True
Is 4944857 prime?
False
Is 1072301803 composite?
True
Is 18146263 a prime number?
False
Is 346037969 prime?
True
Is 3309269 composite?
False
Is 13507223 composite?
False
Is 15913459 a prime number?
False
Is 23167999 a prime number?
True
Is 3683879 a composite number?
False
Is 1639699 composite?
False
Is 1214843 a prime number?
False
Is 1711459 a composite number?
False
Is 4366681 composite?
True
Is 2358847 a composite number?
True
Is 25166753 composite?
False
Is 159104999 composite?
False
Is 55856959 prime?
False
Is 15208009 composite?
True
Is 202347401 prime?
True
Is 4711831 a composite number?
False
Is 1893796517 a prime number?
False
Is 1554019 composite?
False
Is 135899407 a composite number?
True
Is 20187757 prime?
True
Is 2438333 composite?
True
Is 6220871 prime?
True
Is 36559685 prime?
False
Is 29495143 prime?
True
Is 949933 a prime number?
False
Is 8447369 a composite number?
True
Is 528029 a composite number?
True
Is 1761287 a prime number?
False
Is 569461 composite?
False
Is 293015137 composite?
False
Is 4671097 a composite number?
False
Is 4970551 a composite number?
False
Is 228999 a prime number?
False
Is 591020459 a composite number?
False
Is 5165135 composite?
True
Is 50218837 composite?
True
Is 1282549 composite?
True
Is 2114405 a prime number?
False
Is 33053329 a composite number?
True
Is 22482251 a prime number?
False
Is 68137 prime?
False
Is 96043 composite?
False
Is 976351 composite?
False
Is 8514013 prime?
True
Is 54361 prime?
True
Is 56972707 a composite number?
True
Is 39830321 composite?
False
Is 101571937 a composite number?
True
Is 113435071 a prime number?
True
Is 12077227 a prime number?
False
Is 63221 composite?
True
Is 362527 composite?
True
Is 36719251 composite?
True
Is 39794791 prime?
False
Is 3808709 composite?
False
Is 85932967 prime?
False
Is 140644993 prime?
False
Is 57578111 composite?
False
Is 1525147 composite?
True
Is 25490627 composite?
False
Is 154393783 a prime number?
False
Is 212798251 a composite number?
True
Is 5282413 prime?
False
Is 204509021 prime?
True
Is 192470783 composite?
True
Is 75186193 composite?
False
Is 456738137 a prime number?
False
Is 144359 composite?
True
Is 346169 a composite number?
False
Is 19277589 composite?
True
Is 13658111 a composite number?
False
Is 174006979 a prime number?
True
Is 16501591 a composite number?
True
Is 26650891 composite?
True
Is 1058347 composite?
True
Is 321185651 prime?
True
Is 203002453 composite?
False
Is 85480697 composite?
True
Is 28352419 a composite number?
False
Is 479527 composite?
True
Is 1834717 composite?
False
Is 6574961 a composite number?
True
Is 142931 a prime number?
False
Is 1150691 prime?
False
Is 19242703 composite?
True
Is 49346107 a prime number?
True
Is 7572377 a prime number?
False
Is 275623 composite?
False
Is 1335351865 prime?
False
Is 6708781 a composite number?
False
Is 9923201 a prime number?
True
Is 1351339 a composite number?
True
Is 1256609461 composite?
False
Is 22369129 a composite number?
False
Is 35993487 composite?
True
Is 1472609 a composite number?
True
Is 181465 a composite number?
True
Is 37671639 prime?
False
Is 5072083 composite?
True
Is 8428601 a prime number?
True
Is 8207851 a composite number?
False
Is 1506943 a composite number?
False
Is 1916969 composite?
True
Is 82757 prime?
True
Is 177088889 prime?
False
Is 51607027 composite?
True
Is 132140639 prime?
True
Is 17296747 composite?
True
Is 104806283 a prime number?
False
Is 11414729 prime?
True
Is 330248393 a prime number?
True
Is 7423469 a composite number?
True
Is 216877 prime?
True
Is 2409969 composite?
True
Is 12265921 composite?
False
Is 41384911 composite?
True
Is 68757317 a composite number?
False
Is 7881613 prime?
True
Is 11873129 a prime number?
False
Is 41771735 a composite number?
True
Is 15513067 a composite number?
True
Is 8196674 a prime number?
False
Is 11468357 a composite number?
True
Is 1157371 composite?
True
Is 537718679 a composite number?
True
Is 598777 a composite number?
False
Is 61732579 a prime number?
True
Is 7224419 prime?
True
Is 208620569 composite?
False
Is 5210911 prime?
True
Is 19141013 a composite number?
False
Is 3442733 prime?
False
Is 12626794 a composite number?
True
Is 14103847 a composite number?
False
Is 252023547 a prime number?
False
Is 40502831 a prime number?
True
Is 22521827 prime?
False
Is 2084219 prime?
True
Is 62539153 a prime number?
True
Is 2293463 composite?
False
Is 14515337 a prime number?
False
Is 106338997 a prime number?
True
Is 200352091 a composite number?
False
Is 1070869 a prime number?
True
Is 7307621 prime?
True
Is 51452537 prime?
True
Is 20910481 a composite number?
False
Is 264952483 prime?
False
Is 422729 a prime number?
False
Is 21445495 a prime number?
False
Is 28602617 composite?
False
Is 780200051 prime?
True
Is 106617937 a composite number?
False
Is 112961489 composite?
True
Is 9326501 a prime number?
True
Is 590551 a composite number?
True
Is 19556723 a composite number?
False
Is 2528243 composite?
False
Is 6742559 prime?
True
Is 1430519 composite?
True
Is 21344093 a composite number?
False
Is 194159837 composite?
True
Is 20083894 composite?
True
Is 469753 prime?
True
Is 437119 composite?
True
Is 206748485 a composite number?
True
Is 1154119 a prime number?
True
Is 28017169 a prime number?
False
Is 13492537 composite?
False
Is 8408399 a prime number?
True
Is 8107097 composite?
False
Is 12920639 a composite number?
True
Is 41288906 composite?
True
Is 191377 composite?
True
Is 2059639 a prime number?
False
Is 137532333 composite?
True
Is 9288002 a prime number?
False
Is 347953 composite?
True
Is 6803926 a prime number?
False
Is 2779921 prime?
False
Is 14062803 a composite number?
True
Is 7713869 composite?
True
Is 2141011 prime?
False
Is 62499935 composite?
True
Is 55167689 prime?
True
Is 1143266 composite?
True
Is 215162039 composite?
True
Is 1018548667 a prime number?
False
Is 9685721 prime?
False
Is 1333763 prime?
False
Is 7867681 composite?
False
Is 64408781 composite?
True
Is 13963771 composite?
True
Is 1110449 a composite number?
False
Is 1812221 a composite number?
True
Is 433607 a prime number?
True
Is 22302457 a prime number?
True
Is 676331 prime?
False
Is 540583373 a prime number?
False
Is 6474197 prime?
False
Is 382997 composite?
True
Is 95434229 a composite number?
True
Is 3002281 a composite number?
False
Is 1201283 composite?
False
Is 158924966 a composite number?
True
Is 94421113 prime?
True
Is 46495105 a prime number?
False
Is 60766501 a prime number?
False
Is 13076233 a composite number?
False
Is 20302657 prime?
False
Is 4792057 prime?
True
Is 9153887 a prime number?
False
Is 4526287 a prime number?
True
Is 3555059 a composite number?
False
Is 22286003 a composite number?
False
Is 629521 prime?
False
Is 93393019 composite?
True
Is 24893707 prime?
True
Is 744493 prime?
True
Is 160936937 a prime number?
False
Is 6442126 composite?
True
Is 101340667 a composite number?
False
Is 16908551 a composite number?
True
Is 256927 composite?
True
Is 84249545 composite?
True
Is 34619693 prime?
False
Is 62480441 a composite number?
False
Is 5753131 a prime number?
True
Is 550723 a prime number?
False
Is 51785637 composite?
True
Is 26865547 a prime number?
True
Is 2652832651 a composite number?
True
Is 19239553 composite?
True
Is 22957255 a prime number?
False
Is 4271321 a composite number?
False
Is 100697501 a prime number?
True
Is 3004627 composite?
True
Is 4350067 composite?
False
Is 535866887 a composite number?
False
Is 300729893 a composite number?
False
Is 127547573 prime?
False
Is 5085463 prime?
True
Is 4857869 prime?
False
Is 16428343 a composite number?
False
Is 7025387 a prime number?
True
Is 475607 composite?
True
Is 854869 a composite number?
False
Is 184211 a composite number?
False
Is 36222961 composite?
True
Is 6947273 prime?
True
Is 38498417 a prime number?
True
Is 13895939 a composite number?
False
Is 97271701 composite?
False
Is 2626913 prime?
False
Is 101992295 a composite number?
True
Is 10346797 a composite number?
False
Is 9327013 a prime number?
False
Is 20982603 a prime number?
False
Is 920355253 composite?
False
Is 12964493 a composite number?
False
Is 1